2?
2, 3, 757
What are the prime factors of 1632?
2, 3, 17
List the prime factors of 5021.
5021
List the prime factors of 5813.
5813
What are the prime factors of 22007?
59, 373
What are the prime factors of 1752?
2, 3, 73
List the prime factors of 7354.
2, 3677
What are the prime factors of 519?
3, 173
List the prime factors of 20355.
3, 5, 23, 59
List the prime factors of 29854.
2, 11, 23, 59
List the prime factors of 653.
653
List the prime factors of 25464.
2, 3, 1061
List the prime factors of 835.
5, 167
What are the prime factors of 291?
3, 97
What are the prime factors of 2985?
3, 5, 199
List the prime factors of 1723.
1723
What are the prime factors of 68507?
68507
What are the prime factors of 48?
2, 3
List the prime factors of 20158.
2, 10079
List the prime factors of 926.
2, 463
What are the prime factors of 868?
2, 7, 31
What are the prime factors of 340?
2, 5, 17
What are the prime factors of 3641?
11, 331
List the prime factors of 35211.
3, 11, 97
What are the prime factors of 738?
2, 3, 41
What are the prime factors of 11739?
3, 7, 13, 43
List the prime factors of 2328.
2, 3, 97
What are the prime factors of 2935?
5, 587
What are the prime factors of 1119?
3, 373
List the prime factors of 884.
2, 13, 17
List the prime factors of 1662.
2, 3, 277
What are the prime factors of 862?
2, 431
What are the prime factors of 581?
7, 83
What are the prime factors of 28803?
3, 9601
What are the prime factors of 4392?
2, 3, 61
List the prime factors of 400.
2, 5
What are the prime factors of 724?
2, 181
What are the prime factors of 131?
131
What are the prime factors of 3710?
2, 5, 7, 53
What are the prime factors of 31179?
3, 19, 547
List the prime factors of 3239.
41, 79
List the prime factors of 77906.
2, 38953
List the prime factors of 4864.
2, 19
List the prime factors of 508.
2, 127
What are the prime factors of 442?
2, 13, 17
What are the prime factors of 148?
2, 37
What are the prime factors of 29253?
3, 7, 199
List the prime factors of 885.
3, 5, 59
What are the prime factors of 1731?
3, 577
What are the prime factors of 44265?
3, 5, 13, 227
List the prime factors of 17705.
5, 3541
List the prime factors of 57378.
2, 3, 73, 131
List the prime factors of 134040.
2, 3, 5, 1117
List the prime factors of 66155.
5, 101, 131
List the prime factors of 4389.
3, 7, 11, 19
List the prime factors of 73947.
3, 157
List the prime factors of 80694.
2, 3, 4483
What are the prime factors of 7296?
2, 3, 19
List the prime factors of 148208.
2, 59, 157
What are the prime factors of 27459?
3, 113
What are the prime factors of 962?
2, 13, 37
What are the prime factors of 61368?
2, 3, 2557
What are the prime factors of 227?
227
What are the prime factors of 13600?
2, 5, 17
List the prime factors of 785.
5, 157
What are the prime factors of 607?
607
What are the prime factors of 386?
2, 193
List the prime factors of 1981.
7, 283
What are the prime factors of 3955?
5, 7, 113
List the prime factors of 95.
5, 19
List the prime factors of 285.
3, 5, 19
What are the prime factors of 125?
5
What are the prime factors of 2056?
2, 257
List the prime factors of 40526.
2, 23, 881
What are the prime factors of 22329?
3, 827
What are the prime factors of 365?
5, 73
What are the prime factors of 3345?
3, 5, 223
List the prime factors of 1305.
3, 5, 29
What are the prime factors of 856?
2, 107
What are the prime factors of 1512?
2, 3, 7
List the prime factors of 138925.
5, 5557
What are the prime factors of 25768?
2, 3221
What are the prime factors of 2924?
2, 17, 43
What are the prime factors of 105054?
2, 3, 17509
What are the prime factors of 94488?
2, 3, 31, 127
What are the prime factors of 127464?
2, 3, 47, 113
What are the prime factors of 1325?
5, 53
List the prime factors of 3771.
3, 419
List the prime factors of 3348.
2, 3, 31
What are the prime factors of 132?
2, 3, 11
List the prime factors of 38796.
2, 3, 53, 61
List the prime factors of 10550.
2, 5, 211
List the prime factors of 3584.
2, 7
List the prime factors of 35617.
35617
List the prime factors of 3620.
2, 5, 181
List the prime factors of 599.
599
List the prime factors of 27542.
2, 47, 293
What are the prime factors of 3310?
2, 5, 331
What are the prime factors of 1801?
1801
List the prime factors of 434.
2, 7, 31
What are the prime factors of 16948?
2, 19, 223
List the prime factors of 10244.
2, 13, 197
List the prime factors of 1429.
1429
List the prime factors of 1835.
5, 367
What are the prime factors of 1371?
3, 457
What are the prime factors of 673?
673
List the prime factors of 781.
11, 71
List the prime factors of 11988.
2, 3, 37
List the prime factors of 93.
3, 31
List the prime factors of 714.
2, 3, 7, 17
What are the prime factors of 596?
2, 149
List the prime factors of 3075.
3, 5, 41
List the prime factors of 53301.
3, 109, 163
List the prime factors of 1778.
2, 7, 127
What are the prime factors of 239?
239
What are the prime factors of 9840?
2, 3, 5, 41
What are the prime factors of 3319?
3319
What are the prime factors of 623?
7, 89
List the prime factors of 14986.
2, 59, 127
What are the prime factors of 5597?
29, 193
List the prime factors of 506.
2, 11, 23
List the prime factors of 2904.
2, 3, 11
What are the prime factors of 25101?
3, 2789
List the prime factors of 1581.
3, 17, 31
List the prime factors of 1125.
3, 5
List the prime factors of 617.
617
List the prime factors of 15905.
5, 3181
List the prime factors of 695.
5, 139
What are the prime factors of 41699?
7, 23, 37
List the prime factors of 995.
5, 199
What are the prime factors of 25928?
2, 7, 463
List the prime factors of 35965.
5, 7193
What are the prime factors of 4843?
29, 167
List the prime factors of 364.
2, 7, 13
List the prime factors of 13881.
3, 7, 661
List the prime factors of 33130.
2, 5, 3313
What are the prime factors of 50683?
50683
What are the prime factors of 463?
463
List the prime factors of 351.
3, 13
List the prime factors of 2103.
3, 701
List the prime factors of 264.
2, 3, 11
What are the prime factors of 9871?
9871
List the prime factors of 2697.
3, 29, 31
List the prime factors of 3696.
2, 3, 7, 11
What are the prime factors of 1758?
2, 3, 293
What are the prime factors of 118572?
2, 3, 41, 241
What are the prime factors of 6497?
73, 89
List the prime factors of 11086.
2, 23, 241
What are the prime factors of 2618?
2, 7, 11, 17
What are the prime factors of 2?
2
List the prime factors of 2389.
2389
List the prime factors of 133546.
2, 7, 9539
List the prime factors of 69291.
3, 7699
List the prime factors of 4376.
2, 547
List the prime factors of 11317.
11317
What are the prime factors of 119138?
2, 71, 839
What are the prime factors of 63952?
2, 7, 571
What are the prime factors of 73225?
5, 29, 101
List the prime factors of 13054.
2, 61, 107
List the prime factors of 1393.
7, 199
List the prime factors of 6087.
3, 2029
What are the prime factors of 747?
3, 83
What are the prime factors of 60425?
5, 2417
List the prime factors of 51937.
167, 311
What are the prime factors of 21139?
21139
List the prime factors of 464.
2, 29
What are the prime factors of 1658?
2, 829
List the prime factors of 1424.
2, 89
What are the prime factors of 6125?
5, 7
What are the prime factors of 65424?
2, 3, 29, 47
List the prime factors of 4592.
2, 7, 41
What are the prime factors of 735?
3, 5, 7
What are the prime factors of 21169?
21169
What are the prime factors of 16933?
7, 41, 59
List the prime factors of 7295.
5, 1459
What are the prime factors of 1126?
2, 563
What are the prime factors of 1780?
2, 5, 89
List the prime factors of 2872.
2, 359
What are the prime factors of 56?
2, 7
List the prime factors of 41430.
2, 3, 5, 1381
What are the prime factors of 1490?
2, 5, 149
What are the prime factors of 21?
3, 7
List the prime factors of 14480.
2, 5, 181
What are the prime factors of 6834?
2, 3, 17, 67
What are the prime factors of 44741?
44741
What are the prime factors of 4807?
11, 19, 23
List the prime factors of 19304.
2, 19, 127
What are the prime factors of 2703?
3, 17, 53
List the prime factors of 10205.
5, 13, 157
List the prime factors of 4506.
2, 3, 751
What are the prime factors of 4914?
2, 3, 7, 13
List the prime factors of 2253.
3, 751
What are the prime factors of 1261?
13, 97
List the prime